{"id":351,"date":"2024-04-30T18:24:01","date_gmt":"2024-04-30T16:24:01","guid":{"rendered":"https:\/\/eleverum.fr\/?page_id=351"},"modified":"2026-01-15T10:21:54","modified_gmt":"2026-01-15T09:21:54","slug":"insidepapa","status":"publish","type":"page","link":"https:\/\/eleverum.fr\/?page_id=351","title":{"rendered":"Papas et prison"},"content":{"rendered":"\n<div style=\"height:78px\" aria-hidden=\"true\" class=\"wp-block-spacer\"><\/div>\n\n\n\n<blockquote class=\"wp-block-quote is-layout-flow wp-block-quote-is-layout-flow\">\n<p>\u00ab\u00a0Si j&rsquo;avais entendu plus t\u00f4t tout ce que tu nous as dit, je crois bien que je ne serais jamais all\u00e9 en prison.\u00a0\u00bb Mohamed, sortant de prison<\/p>\n<\/blockquote>\n\n\n\n<div class=\"wp-block-group alignwide has-global-padding is-layout-constrained wp-container-core-group-is-layout-edbb8dc7 wp-block-group-is-layout-constrained\">\n<h4 class=\"wp-block-heading has-text-align-center has-accent-3-color has-text-color has-superbfont-xxsmall-font-size\" style=\"font-style:normal;font-weight:700;letter-spacing:5px;text-transform:uppercase\">44% des hommes incarc\u00e9r\u00e9s sont des papas<\/h4>\n\n\n\n<h2 class=\"wp-block-heading has-text-align-center has-contrast-color has-text-color has-body-font-family\" style=\"font-size:clamp(2.629rem, 2.629rem + ((1vw - 0.2rem) * 3.952), 5rem);font-style:normal;font-weight:800\">Soutenir les p\u00e8res en prison&#8230; <\/h2>\n\n\n\n<h2 class=\"wp-block-heading has-text-align-center has-accent-3-color has-text-color has-body-font-family\" style=\"font-size:clamp(2.629rem, 2.629rem + ((1vw - 0.2rem) * 3.952), 5rem);font-style:normal;font-weight:800\">Pourquoi ?<\/h2>\n<\/div>\n\n\n\n<div class=\"wp-block-group alignfull has-global-padding is-layout-constrained wp-container-core-group-is-layout-b7d90ddb wp-block-group-is-layout-constrained\" style=\"margin-top:0;margin-bottom:0;padding-top:var(--wp--preset--spacing--superbspacing-xxlarge);padding-right:var(--wp--preset--spacing--superbspacing-small);padding-bottom:var(--wp--preset--spacing--superbspacing-xxlarge);padding-left:var(--wp--preset--spacing--superbspacing-small)\">\n<div class=\"wp-block-columns alignwide is-layout-flex wp-container-core-columns-is-layout-83cf590f wp-block-columns-is-layout-flex\">\n<div class=\"wp-block-column is-vertically-aligned-center is-layout-flow wp-container-core-column-is-layout-e38e6d2d wp-block-column-is-layout-flow\">\n<figure class=\"wp-block-image aligncenter size-full is-resized wp-duotone-duotone-2\"><img loading=\"lazy\" decoding=\"async\" width=\"256\" height=\"256\" src=\"https:\/\/eleverum.fr\/wp-content\/uploads\/2024\/04\/58568b0e4f6ae202fedf2718.png\" alt=\"\" class=\"wp-image-356\" style=\"width:80px;height:80px\" srcset=\"https:\/\/eleverum.fr\/wp-content\/uploads\/2024\/04\/58568b0e4f6ae202fedf2718.png 256w, https:\/\/eleverum.fr\/wp-content\/uploads\/2024\/04\/58568b0e4f6ae202fedf2718-150x150.png 150w, https:\/\/eleverum.fr\/wp-content\/uploads\/2024\/04\/58568b0e4f6ae202fedf2718-100x100.png 100w\" sizes=\"auto, (max-width: 256px) 100vw, 256px\" \/><\/figure>\n\n\n\n<h3 class=\"wp-block-heading has-text-align-center has-accent-3-color has-text-color has-superbfont-small-font-size\">D\u00e9sistance<\/h3>\n\n\n\n<p class=\"has-text-align-center has-secondary-color has-text-color has-superbfont-xsmall-font-size\">L&rsquo;engagement paternel est l&rsquo;axe le plus puissant pour susciter le d\u00e9clic du c\u0153ur et tuer la r\u00e9cidive : \u00ab\u00a0tout n&rsquo;est pas perdu, je veux accomplir ma mission de p\u00e8re\u00a0\u00bb. Rompre la fatalit\u00e9 de la spirale de l&rsquo;\u00e9chec et redonner de l&rsquo;esp\u00e9rance sont les deux premiers b\u00e9n\u00e9fices.<\/p>\n\n\n\n<p class=\"has-text-align-center has-secondary-color has-text-color has-superbfont-xsmall-font-size\">Eleverum accompagne les personnes incarc\u00e9r\u00e9es et les anciens d\u00e9tenus et forme les personnes qui les accompagne.<\/p>\n<\/div>\n\n\n\n<div class=\"wp-block-column is-vertically-aligned-center is-layout-flow wp-container-core-column-is-layout-e38e6d2d wp-block-column-is-layout-flow\">\n<figure class=\"wp-block-image aligncenter size-full is-resized wp-duotone-duotone-2\"><img loading=\"lazy\" decoding=\"async\" width=\"256\" height=\"256\" src=\"http:\/\/eleverum.fr\/wp-content\/uploads\/2024\/04\/58568b0e4f6ae202fedf2718.png\" alt=\"\" class=\"wp-image-356\" style=\"width:80px;height:80px\" srcset=\"https:\/\/eleverum.fr\/wp-content\/uploads\/2024\/04\/58568b0e4f6ae202fedf2718.png 256w, https:\/\/eleverum.fr\/wp-content\/uploads\/2024\/04\/58568b0e4f6ae202fedf2718-150x150.png 150w, https:\/\/eleverum.fr\/wp-content\/uploads\/2024\/04\/58568b0e4f6ae202fedf2718-100x100.png 100w\" sizes=\"auto, (max-width: 256px) 100vw, 256px\" \/><\/figure>\n\n\n\n<h3 class=\"wp-block-heading has-text-align-center has-accent-3-color has-text-color has-superbfont-small-font-size\">Soutenir les femmes<\/h3>\n\n\n\n<p class=\"has-text-align-center has-secondary-color has-text-color has-superbfont-xsmall-font-size\">Un p\u00e8re en prison d\u00e9pend du bon vouloir de la maman pour esp\u00e9rer revoir ses enfants. Celui-ci est donc contraint de la soulager d&rsquo;une mani\u00e8re ou d&rsquo;une autre, de ne pas fuir sa responsabilit\u00e9 de conjoint ou d&rsquo;ex-conjoint. La pr\u00e9sence de ses enfants l&rsquo;invite \u00e0 garder la maman dans l&rsquo;\u00e9quation relationnelle, et donc \u00e0 prendre soin d&rsquo;elle.<\/p>\n<\/div>\n\n\n\n<div class=\"wp-block-column is-vertically-aligned-center is-layout-flow wp-container-core-column-is-layout-e38e6d2d wp-block-column-is-layout-flow\">\n<figure class=\"wp-block-image aligncenter size-full is-resized wp-duotone-duotone-2\"><img loading=\"lazy\" decoding=\"async\" width=\"256\" height=\"256\" src=\"http:\/\/eleverum.fr\/wp-content\/uploads\/2024\/04\/58568b0e4f6ae202fedf2718.png\" alt=\"\" class=\"wp-image-356\" style=\"width:80px;height:80px\" srcset=\"https:\/\/eleverum.fr\/wp-content\/uploads\/2024\/04\/58568b0e4f6ae202fedf2718.png 256w, https:\/\/eleverum.fr\/wp-content\/uploads\/2024\/04\/58568b0e4f6ae202fedf2718-150x150.png 150w, https:\/\/eleverum.fr\/wp-content\/uploads\/2024\/04\/58568b0e4f6ae202fedf2718-100x100.png 100w\" sizes=\"auto, (max-width: 256px) 100vw, 256px\" \/><\/figure>\n\n\n\n<h3 class=\"wp-block-heading has-text-align-center has-accent-3-color has-text-color has-superbfont-small-font-size\">Prot\u00e9ger les enfants<\/h3>\n\n\n\n<p class=\"has-text-align-center has-secondary-color has-text-color has-superbfont-xsmall-font-size\">Les enfants qui grandissent avec un papa en prison manifestent une tendance \u00e0 la d\u00e9rive comportementale et la d\u00e9linquance, en particulier les gar\u00e7ons. Ils sont \u00e9galement nombreux \u00e0 subir l&rsquo;\u00e9chec scolaire et reproduire des sch\u00e9mas transg\u00e9n\u00e9rationnels. La col\u00e8re d&rsquo;avoir \u00e9t\u00e9 abandonn\u00e9 provoque des comportements \u00e0 risque.<\/p>\n<\/div>\n<\/div>\n<\/div>\n\n\n\n<div class=\"wp-block-group alignfull has-global-padding is-layout-constrained wp-block-group-is-layout-constrained\" style=\"margin-top:0;margin-bottom:0\">\n<div class=\"wp-block-cover alignfull is-light\" style=\"margin-top:0;margin-bottom:0;padding-top:var(--wp--preset--spacing--superbspacing-xxlarge);padding-right:var(--wp--preset--spacing--superbspacing-medium);padding-bottom:var(--wp--preset--spacing--superbspacing-xxlarge);padding-left:var(--wp--preset--spacing--superbspacing-medium);min-height:600px;aspect-ratio:unset;\"><img loading=\"lazy\" decoding=\"async\" width=\"2560\" height=\"1124\" class=\"wp-block-cover__image-background wp-image-173\" alt=\"\" src=\"http:\/\/eleverum.fr\/wp-content\/uploads\/2023\/11\/pexels-mathew-thomas-9065311-scaled.jpg\" data-object-fit=\"cover\" srcset=\"https:\/\/eleverum.fr\/wp-content\/uploads\/2023\/11\/pexels-mathew-thomas-9065311-scaled.jpg 2560w, https:\/\/eleverum.fr\/wp-content\/uploads\/2023\/11\/pexels-mathew-thomas-9065311-300x132.jpg 300w, https:\/\/eleverum.fr\/wp-content\/uploads\/2023\/11\/pexels-mathew-thomas-9065311-1024x450.jpg 1024w, https:\/\/eleverum.fr\/wp-content\/uploads\/2023\/11\/pexels-mathew-thomas-9065311-768x337.jpg 768w, https:\/\/eleverum.fr\/wp-content\/uploads\/2023\/11\/pexels-mathew-thomas-9065311-1536x675.jpg 1536w, https:\/\/eleverum.fr\/wp-content\/uploads\/2023\/11\/pexels-mathew-thomas-9065311-2048x900.jpg 2048w, https:\/\/eleverum.fr\/wp-content\/uploads\/2023\/11\/pexels-mathew-thomas-9065311-600x264.jpg 600w\" sizes=\"auto, (max-width: 2560px) 100vw, 2560px\" \/><span aria-hidden=\"true\" class=\"wp-block-cover__background has-background-dim\" style=\"background-color:#FFF\"><\/span><div class=\"wp-block-cover__inner-container has-global-padding is-layout-constrained wp-container-core-cover-is-layout-583aa471 wp-block-cover-is-layout-constrained\">\n<div class=\"wp-block-group has-global-padding is-content-justification-left is-layout-constrained wp-container-core-group-is-layout-1ef50104 wp-block-group-is-layout-constrained\">\n<div class=\"wp-block-group is-vertical is-content-justification-left is-layout-flex wp-container-core-group-is-layout-d2a0258d wp-block-group-is-layout-flex\">\n<h2 class=\"wp-block-heading has-text-align-center has-contrast-light-color has-text-color has-superbfont-xxsmall-font-size\" style=\"font-style:normal;font-weight:700;letter-spacing:5px;text-transform:uppercase\">un enjeu politique<\/h2>\n\n\n\n<h2 class=\"wp-block-heading has-text-align-left has-contrast-light-color has-text-color has-body-font-family has-superbfont-xlarge-font-size\" style=\"font-style:normal;font-weight:800\">Plut\u00f4t que de construire des prisons, fabriquons des hommes responsables.<\/h2>\n\n\n\n<p class=\"has-text-align-left has-contrast-light-color has-text-color has-superbfont-small-font-size\">Selon les statistiques d\u00e9montr\u00e9es, la formation des p\u00e8res \u00e0 leur r\u00f4le irrempla\u00e7able r\u00e9duit la r\u00e9cidive au point d&rsquo;en faire un sujet d&rsquo;ordre politique : <\/p>\n\n\n\n<p class=\"has-text-align-left has-contrast-light-color has-text-color has-superbfont-small-font-size\">Si 10% des papas en prison suivaient le parcours d&rsquo;Eleverum <strong>InsidePapa<\/strong>, l&rsquo;\u00c9tat fran\u00e7ais g\u00e9n\u00e8rerait plus de 200 millions d&rsquo;\u00e9conomies par an, sans construire aucune place de prison. <\/p>\n<\/div>\n\n\n\n<div class=\"wp-block-buttons is-content-justification-center is-layout-flex wp-container-core-buttons-is-layout-f61863dc wp-block-buttons-is-layout-flex\">\n<div class=\"wp-block-button\"><a class=\"wp-block-button__link has-superbfont-small-font-size has-custom-font-size wp-element-button\" href=\"https:\/\/eleverum.fr\/wp-content\/uploads\/2024\/04\/InsidePapa-La-puissance-de-leducation-a-la-paternite-en-prison-et-apres.pdf\">T\u00e9l\u00e9charger le livre blanc<\/a><\/div>\n<\/div>\n<\/div>\n<\/div><\/div>\n<\/div>\n\n\n\n<div class=\"wp-block-group alignfull has-global-padding is-layout-constrained wp-container-core-group-is-layout-3af251ef wp-block-group-is-layout-constrained\" style=\"padding-top:var(--wp--preset--spacing--superbspacing-xxlarge);padding-right:var(--wp--preset--spacing--superbspacing-medium);padding-bottom:var(--wp--preset--spacing--superbspacing-xxlarge);padding-left:var(--wp--preset--spacing--superbspacing-medium)\">\n<div class=\"wp-block-columns alignwide is-layout-flex wp-container-core-columns-is-layout-83cf590f wp-block-columns-is-layout-flex\">\n<div class=\"wp-block-column is-vertically-aligned-center is-layout-flow wp-container-core-column-is-layout-30be4402 wp-block-column-is-layout-flow\">\n<div class=\"wp-block-group has-global-padding is-layout-constrained wp-container-core-group-is-layout-d598ad9d wp-block-group-is-layout-constrained\">\n<h2 class=\"wp-block-heading has-text-align-left has-accent-3-color has-text-color has-superbfont-xxsmall-font-size\" style=\"font-style:normal;font-weight:700;letter-spacing:5px;text-transform:uppercase\">Ne pas attendre la sortie<\/h2>\n\n\n\n<h3 class=\"wp-block-heading has-text-align-left has-contrast-color has-text-color has-body-font-family\" style=\"font-size:clamp(1.743rem, 1.743rem + ((1vw - 0.2rem) * 2.095), 3rem);font-style:normal;font-weight:800\">InsidePapa en prison<\/h3>\n\n\n\n<p class=\"has-text-align-left has-secondary-color has-text-color has-superbfont-small-font-size\">Le programme de parentalit\u00e9 InsidePapa est con\u00e7u pour \u00eatre r\u00e9alis\u00e9 en prison, le plus t\u00f4t possible dans la parcours p\u00e9nitentiaire afin d&rsquo;aider les enfants \u00e0 ne pas vivre l&rsquo;\u00e9chec scolaire et aussi parce que les hommes incarc\u00e9r\u00e9s conscients de leur responsabilit\u00e9 optent pour un meilleur comportement au cours de leur peine. Ils vivent celle-ci dans une perspective de sortie honorable et responsable ; ils sont ainsi plus motiv\u00e9s pour pr\u00e9parer leur sortie comme une r\u00e9int\u00e9gration sociale si une famille ou au moins des enfants les attendent \u00e0 la sortie.<\/p>\n<\/div>\n\n\n\n<div class=\"wp-block-group has-global-padding is-layout-constrained wp-container-core-group-is-layout-85cc789f wp-block-group-is-layout-constrained\">\n<div class=\"wp-block-group has-base-background-color has-background is-nowrap is-layout-flex wp-container-core-group-is-layout-542cf22d wp-block-group-is-layout-flex\" style=\"border-style:none;border-width:0px;border-radius:0px;padding-top:0;padding-right:0;padding-bottom:0;padding-left:0\">\n<figure class=\"wp-block-image aligncenter size-large is-resized wp-duotone-duotone-2\"><img decoding=\"async\" src=\"https:\/\/superbdemo.com\/superb-addons-images\/wp-content\/uploads\/2023\/08\/icon-push-pin-simple.png  \" alt=\"\" style=\"width:32px;height:32px\"\/><\/figure>\n\n\n\n<p class=\"has-superbfont-small-font-size\">12 s\u00e9ances de 2 heures en prison<\/p>\n<\/div>\n\n\n\n<div class=\"wp-block-group has-base-background-color has-background is-nowrap is-layout-flex wp-container-core-group-is-layout-542cf22d wp-block-group-is-layout-flex\" style=\"border-style:none;border-width:0px;border-radius:0px;padding-top:0;padding-right:0;padding-bottom:0;padding-left:0\">\n<figure class=\"wp-block-image aligncenter size-large is-resized wp-duotone-duotone-2\"><img decoding=\"async\" src=\"https:\/\/superbdemo.com\/superb-addons-images\/wp-content\/uploads\/2023\/08\/icon-push-pin-simple.png  \" alt=\"\" style=\"width:32px;height:32px\"\/><\/figure>\n\n\n\n<p class=\"has-superbfont-small-font-size\">Des groupes de 5 \u00e0 12 papas<\/p>\n<\/div>\n\n\n\n<div class=\"wp-block-group has-base-background-color has-background is-nowrap is-layout-flex wp-container-core-group-is-layout-1350ce0e wp-block-group-is-layout-flex\" style=\"border-style:none;border-width:0px;border-radius:0px;padding-top:0;padding-right:0;padding-bottom:0;padding-left:0\">\n<figure class=\"wp-block-image aligncenter size-large is-resized wp-duotone-duotone-2\"><img decoding=\"async\" src=\"https:\/\/superbdemo.com\/superb-addons-images\/wp-content\/uploads\/2023\/08\/icon-email.png\" alt=\"\" style=\"width:32px;height:32px\"\/><\/figure>\n\n\n\n<p class=\"has-superbfont-small-font-size\"><a href=\"https:\/\/eleverum.fr\/index.php\/contact\/\" data-type=\"link\" data-id=\"https:\/\/eleverum.fr\/index.php\/contact\/\">Demandez le programme ! <\/a><\/p>\n<\/div>\n<\/div>\n<\/div>\n\n\n\n<div class=\"wp-block-column is-vertically-aligned-center is-layout-flow wp-container-core-column-is-layout-40a2a7e8 wp-block-column-is-layout-flow\" style=\"padding-right:0;padding-bottom:0;padding-left:0\">\n<figure class=\"wp-block-image size-large is-resized has-custom-border wp-duotone-unset-1\"><img loading=\"lazy\" decoding=\"async\" width=\"1728\" height=\"1729\" src=\"https:\/\/eleverum.fr\/wp-content\/uploads\/2024\/04\/pexels-kebs-visuals-4612055-edited.jpg\" alt=\"\" class=\"wp-image-361\" style=\"border-radius:16px;width:530px;height:auto\" srcset=\"https:\/\/eleverum.fr\/wp-content\/uploads\/2024\/04\/pexels-kebs-visuals-4612055-edited.jpg 1728w, https:\/\/eleverum.fr\/wp-content\/uploads\/2024\/04\/pexels-kebs-visuals-4612055-edited-300x300.jpg 300w, https:\/\/eleverum.fr\/wp-content\/uploads\/2024\/04\/pexels-kebs-visuals-4612055-edited-1024x1024.jpg 1024w, https:\/\/eleverum.fr\/wp-content\/uploads\/2024\/04\/pexels-kebs-visuals-4612055-edited-150x150.jpg 150w, https:\/\/eleverum.fr\/wp-content\/uploads\/2024\/04\/pexels-kebs-visuals-4612055-edited-768x768.jpg 768w, https:\/\/eleverum.fr\/wp-content\/uploads\/2024\/04\/pexels-kebs-visuals-4612055-edited-1536x1536.jpg 1536w, https:\/\/eleverum.fr\/wp-content\/uploads\/2024\/04\/pexels-kebs-visuals-4612055-edited-600x600.jpg 600w, https:\/\/eleverum.fr\/wp-content\/uploads\/2024\/04\/pexels-kebs-visuals-4612055-edited-100x100.jpg 100w\" sizes=\"auto, (max-width: 1728px) 100vw, 1728px\" \/><\/figure>\n<\/div>\n<\/div>\n<\/div>\n\n\n\n<div class=\"wp-block-group alignfull has-global-padding is-layout-constrained wp-container-core-group-is-layout-3af251ef wp-block-group-is-layout-constrained\" style=\"padding-top:var(--wp--preset--spacing--superbspacing-xxlarge);padding-right:var(--wp--preset--spacing--superbspacing-medium);padding-bottom:var(--wp--preset--spacing--superbspacing-xxlarge);padding-left:var(--wp--preset--spacing--superbspacing-medium)\">\n<div class=\"wp-block-columns alignwide is-layout-flex wp-container-core-columns-is-layout-83cf590f wp-block-columns-is-layout-flex\">\n<div class=\"wp-block-column is-vertically-aligned-center is-layout-flow wp-container-core-column-is-layout-30be4402 wp-block-column-is-layout-flow\">\n<div class=\"wp-block-group has-global-padding is-layout-constrained wp-container-core-group-is-layout-d598ad9d wp-block-group-is-layout-constrained\">\n<h2 class=\"wp-block-heading has-text-align-left has-accent-3-color has-text-color has-superbfont-xxsmall-font-size\" style=\"font-style:normal;font-weight:700;letter-spacing:5px;text-transform:uppercase\">il n&rsquo;est jamais trop tard<\/h2>\n\n\n\n<h3 class=\"wp-block-heading has-text-align-left has-contrast-color has-text-color has-body-font-family\" style=\"font-size:clamp(1.743rem, 1.743rem + ((1vw - 0.2rem) * 2.095), 3rem);font-style:normal;font-weight:800\">InsidePapa \u00e0 la sortie.<\/h3>\n\n\n\n<p class=\"has-text-align-left has-secondary-color has-text-color has-superbfont-small-font-size\">Lutter contre la r\u00e9cidive passe par la responsabilisation. Quel angle suscite autant d&rsquo;\u00e9motion que d&rsquo;\u00eatre s\u00e9par\u00e9 de ses enfants ? Les papas ayant v\u00e9cu l&rsquo;\u00e9preuve de l&rsquo;incarc\u00e9ration prennent conscience, \u00e0 travers la s\u00e9paration impos\u00e9e, de la puissance de leur amour et des cons\u00e9quences de leurs actes. Ils peuvent \u00eatre tent\u00e9 de renoncer et abandonner leurs enfants avec les cons\u00e9quences d\u00e9sastreuses que l&rsquo;on connait. Ils peuvent aussi se battre pour reprendre leur place irrempla\u00e7able. Nous devons les aider. Il n&rsquo;y pas de fatalit\u00e9 \u00e0 l&rsquo;\u00e9chec. Le programme InsidePapa leur offre une chance de sortir par le haut et de b\u00e2tir une vie adulte responsable.<\/p>\n<\/div>\n\n\n\n<div class=\"wp-block-group has-global-padding is-layout-constrained wp-container-core-group-is-layout-85cc789f wp-block-group-is-layout-constrained\">\n<div class=\"wp-block-group has-base-background-color has-background is-nowrap is-layout-flex wp-container-core-group-is-layout-542cf22d wp-block-group-is-layout-flex\" style=\"border-style:none;border-width:0px;border-radius:0px;padding-top:0;padding-right:0;padding-bottom:0;padding-left:0\">\n<figure class=\"wp-block-image aligncenter size-large is-resized wp-duotone-duotone-2\"><img decoding=\"async\" src=\"https:\/\/superbdemo.com\/superb-addons-images\/wp-content\/uploads\/2023\/08\/icon-push-pin-simple.png  \" alt=\"\" style=\"width:32px;height:32px\"\/><\/figure>\n\n\n\n<p class=\"has-superbfont-small-font-size\">Programme sur 2 jours<\/p>\n<\/div>\n\n\n\n<div class=\"wp-block-group has-base-background-color has-background is-nowrap is-layout-flex wp-container-core-group-is-layout-542cf22d wp-block-group-is-layout-flex\" style=\"border-style:none;border-width:0px;border-radius:0px;padding-top:0;padding-right:0;padding-bottom:0;padding-left:0\">\n<figure class=\"wp-block-image aligncenter size-large is-resized wp-duotone-duotone-2\"><img decoding=\"async\" src=\"https:\/\/superbdemo.com\/superb-addons-images\/wp-content\/uploads\/2023\/08\/icon-push-pin-simple.png  \" alt=\"\" style=\"width:32px;height:32px\"\/><\/figure>\n\n\n\n<p class=\"has-superbfont-small-font-size\">Groupes de 5 \u00e0 12 personnes<\/p>\n<\/div>\n\n\n\n<div class=\"wp-block-group has-base-background-color has-background is-nowrap is-layout-flex wp-container-core-group-is-layout-1350ce0e wp-block-group-is-layout-flex\" style=\"border-style:none;border-width:0px;border-radius:0px;padding-top:0;padding-right:0;padding-bottom:0;padding-left:0\">\n<figure class=\"wp-block-image aligncenter size-large is-resized wp-duotone-duotone-2\"><img decoding=\"async\" src=\"https:\/\/superbdemo.com\/superb-addons-images\/wp-content\/uploads\/2023\/08\/icon-email.png\" alt=\"\" style=\"width:32px;height:32px\"\/><\/figure>\n\n\n\n<p class=\"has-superbfont-small-font-size\"><a href=\"https:\/\/eleverum.fr\/index.php\/contact\/\" data-type=\"link\" data-id=\"https:\/\/eleverum.fr\/index.php\/contact\/\">Contactez-nous !<\/a><\/p>\n<\/div>\n<\/div>\n<\/div>\n\n\n\n<div class=\"wp-block-column is-vertically-aligned-center is-layout-flow wp-container-core-column-is-layout-40a2a7e8 wp-block-column-is-layout-flow\" style=\"padding-right:0;padding-bottom:0;padding-left:0\">\n<figure class=\"wp-block-image size-large is-resized has-custom-border wp-duotone-unset-2\"><img loading=\"lazy\" decoding=\"async\" width=\"1281\" height=\"1280\" src=\"https:\/\/eleverum.fr\/wp-content\/uploads\/2024\/04\/people-talking-gd93a8429d_1920-edited.jpg\" alt=\"\" class=\"wp-image-360\" style=\"border-radius:16px;width:554px;height:auto\" srcset=\"https:\/\/eleverum.fr\/wp-content\/uploads\/2024\/04\/people-talking-gd93a8429d_1920-edited.jpg 1281w, https:\/\/eleverum.fr\/wp-content\/uploads\/2024\/04\/people-talking-gd93a8429d_1920-edited-300x300.jpg 300w, https:\/\/eleverum.fr\/wp-content\/uploads\/2024\/04\/people-talking-gd93a8429d_1920-edited-1024x1024.jpg 1024w, https:\/\/eleverum.fr\/wp-content\/uploads\/2024\/04\/people-talking-gd93a8429d_1920-edited-150x150.jpg 150w, https:\/\/eleverum.fr\/wp-content\/uploads\/2024\/04\/people-talking-gd93a8429d_1920-edited-768x767.jpg 768w, https:\/\/eleverum.fr\/wp-content\/uploads\/2024\/04\/people-talking-gd93a8429d_1920-edited-600x600.jpg 600w, https:\/\/eleverum.fr\/wp-content\/uploads\/2024\/04\/people-talking-gd93a8429d_1920-edited-100x100.jpg 100w\" sizes=\"auto, (max-width: 1281px) 100vw, 1281px\" \/><\/figure>\n<\/div>\n<\/div>\n\n\n\n<div style=\"height:100px\" aria-hidden=\"true\" class=\"wp-block-spacer\"><\/div>\n\n\n\n<div class=\"wp-block-group alignfull has-global-padding is-layout-constrained wp-container-core-group-is-layout-d89aad35 wp-block-group-is-layout-constrained\" style=\"margin-top:0;margin-bottom:0;padding-top:var(--wp--preset--spacing--50);padding-right:var(--wp--preset--spacing--50);padding-bottom:var(--wp--preset--spacing--50);padding-left:var(--wp--preset--spacing--50)\">\n<div class=\"wp-block-group alignwide has-global-padding is-layout-constrained wp-container-core-group-is-layout-19e250f3 wp-block-group-is-layout-constrained\">\n<div class=\"wp-block-group is-vertical is-content-justification-center is-layout-flex wp-container-core-group-is-layout-6329a8f3 wp-block-group-is-layout-flex\">\n<h2 class=\"wp-block-heading has-text-align-center is-style-asterisk\">Nos partenaires<\/h2>\n\n\n\n<p class=\"has-text-align-center\">Notre suite compl\u00e8te de services professionnels s\u2019adresse \u00e0 une client\u00e8le diversifi\u00e9e, allant des propri\u00e9taires au d\u00e9veloppeurs commerciaux.<\/p>\n<\/div>\n\n\n\n<div style=\"height:var(--wp--preset--spacing--40)\" aria-hidden=\"true\" class=\"wp-block-spacer\"><\/div>\n\n\n\n<div class=\"wp-block-columns alignwide is-layout-flex wp-container-core-columns-is-layout-d1c656ed wp-block-columns-is-layout-flex\">\n<div class=\"wp-block-column is-vertically-aligned-center is-layout-flow wp-block-column-is-layout-flow\" style=\"flex-basis:40%\">\n<h3 class=\"wp-block-heading is-style-asterisk\">Wake Up Caf\u00e9<\/h3>\n\n\n\n<ul style=\"line-height:1.75\" class=\"wp-block-list is-style-checkmark-list\">\n<li>Formation des \u00e9quipes accompagnatrices,<\/li>\n\n\n\n<li>Animation d&rsquo;ateliers \u00ab\u00a0parentalit\u00e9 \u00ab\u00a0Paternit\u00e9 et lien familial\u00a0\u00bb dans les centres Wake Up Caf\u00e9 avec des Wakeurs. <\/li>\n\n\n\n<li>Animation d&rsquo;ateliers Re-&lt;insert&gt; en prison.<\/li>\n<\/ul>\n\n\n\n<blockquote class=\"wp-block-quote is-layout-flow wp-block-quote-is-layout-flow\">\n<p>Retour de Hayk : \u00ab\u00a0Ton atelier d\u00e9chire, je n&rsquo;ai jamais v\u00e9cu un atelier aussi fort, j&rsquo;ai pris conscience de pleins de trucs, c&rsquo;est incroyable. Reviens vite nous voir.\u00a0\u00bb <\/p>\n<\/blockquote>\n\n\n\n<blockquote class=\"wp-block-quote is-layout-flow wp-block-quote-is-layout-flow\">\n<p>Retour de Charly : \u00ab\u00a0J&rsquo;ai fait l&rsquo;exercice que tu nous as propos\u00e9, c&rsquo;est incroyable l&rsquo;effet que \u00e7a m&rsquo;a fait !! Je ne croyais pas mais je crois que j&rsquo;ai repris confiance en moi depuis.\u00a0\u00bb <\/p>\n<\/blockquote>\n<\/div>\n\n\n\n<div class=\"wp-block-column is-layout-flow wp-block-column-is-layout-flow\" style=\"flex-basis:50%\">\n<figure class=\"wp-block-image size-full is-resized is-style-rounded wp-duotone-duotone-2 is-style-rounded--3\"><img loading=\"lazy\" decoding=\"async\" width=\"274\" height=\"148\" src=\"https:\/\/eleverum.fr\/wp-content\/uploads\/2024\/09\/WKF.png\" alt=\"\" class=\"wp-image-434\" style=\"width:387px;height:auto\"\/><\/figure>\n<\/div>\n<\/div>\n\n\n\n<div style=\"height:var(--wp--preset--spacing--40)\" aria-hidden=\"true\" class=\"wp-block-spacer\"><\/div>\n<\/div>\n<\/div>\n<\/div>\n","protected":false},"excerpt":{"rendered":"<p>\u00ab\u00a0Si j&rsquo;avais entendu plus t\u00f4t tout ce que tu nous as dit, je crois bien que je ne serais jamais all\u00e9 en prison.\u00a0\u00bb Mohamed, sortant de prison 44% des hommes incarc\u00e9r\u00e9s sont des papas Soutenir les p\u00e8res en prison&#8230; Pourquoi ? D\u00e9sistance L&rsquo;engagement paternel est l&rsquo;axe le plus puissant pour susciter le d\u00e9clic du c\u0153ur [&hellip;]<\/p>\n","protected":false},"author":1,"featured_media":0,"parent":0,"menu_order":0,"comment_status":"closed","ping_status":"closed","template":"","meta":{"footnotes":""},"class_list":["post-351","page","type-page","status-publish","hentry"],"_links":{"self":[{"href":"https:\/\/eleverum.fr\/index.php?rest_route=\/wp\/v2\/pages\/351","targetHints":{"allow":["GET"]}}],"collection":[{"href":"https:\/\/eleverum.fr\/index.php?rest_route=\/wp\/v2\/pages"}],"about":[{"href":"https:\/\/eleverum.fr\/index.php?rest_route=\/wp\/v2\/types\/page"}],"author":[{"embeddable":true,"href":"https:\/\/eleverum.fr\/index.php?rest_route=\/wp\/v2\/users\/1"}],"replies":[{"embeddable":true,"href":"https:\/\/eleverum.fr\/index.php?rest_route=%2Fwp%2Fv2%2Fcomments&post=351"}],"version-history":[{"count":11,"href":"https:\/\/eleverum.fr\/index.php?rest_route=\/wp\/v2\/pages\/351\/revisions"}],"predecessor-version":[{"id":577,"href":"https:\/\/eleverum.fr\/index.php?rest_route=\/wp\/v2\/pages\/351\/revisions\/577"}],"wp:attachment":[{"href":"https:\/\/eleverum.fr\/index.php?rest_route=%2Fwp%2Fv2%2Fmedia&parent=351"}],"curies":[{"name":"wp","href":"https:\/\/api.w.org\/{rel}","templated":true}]}}